{"id":1393,"date":"2022-09-20T23:03:31","date_gmt":"2022-09-20T21:03:31","guid":{"rendered":"https:\/\/musikschule-kalimba.de\/?page_id=1393"},"modified":"2022-09-20T23:03:31","modified_gmt":"2022-09-20T21:03:31","slug":"marina-welling","status":"publish","type":"page","link":"https:\/\/musikschule-kalimba.de\/?page_id=1393","title":{"rendered":"Marina Welling"},"content":{"rendered":"<p>Marina Welling ist Pianistin und Klavierlehrerin. Sie unterrichtet Sch\u00fcler*innen aller Altersstufen und erteilt Unterricht an alle, die Klavierspielen lernen m\u00f6chten, vom Anf\u00e4nger bis zum Profi.<\/p>\n","protected":false},"excerpt":{"rendered":"<p>Marina Welling ist Pianistin und Klavierlehrerin. Sie unterrichtet Sch\u00fcler*innen aller Altersstufen und erteilt Unterricht an alle, die Klavierspielen lernen m\u00f6chten, vom Anf\u00e4nger bis zum Profi.<\/p>\n","protected":false},"author":1,"featured_media":0,"parent":0,"menu_order":0,"comment_status":"closed","ping_status":"closed","template":"","meta":{"ngg_post_thumbnail":0,"jetpack_post_was_ever_published":false},"jetpack_sharing_enabled":true,"jetpack_shortlink":"https:\/\/wp.me\/PaKFOT-mt","_links":{"self":[{"href":"https:\/\/musikschule-kalimba.de\/index.php?rest_route=\/wp\/v2\/pages\/1393"}],"collection":[{"href":"https:\/\/musikschule-kalimba.de\/index.php?rest_route=\/wp\/v2\/pages"}],"about":[{"href":"https:\/\/musikschule-kalimba.de\/index.php?rest_route=\/wp\/v2\/types\/page"}],"author":[{"embeddable":true,"href":"https:\/\/musikschule-kalimba.de\/index.php?rest_route=\/wp\/v2\/users\/1"}],"replies":[{"embeddable":true,"href":"https:\/\/musikschule-kalimba.de\/index.php?rest_route=%2Fwp%2Fv2%2Fcomments&post=1393"}],"version-history":[{"count":1,"href":"https:\/\/musikschule-kalimba.de\/index.php?rest_route=\/wp\/v2\/pages\/1393\/revisions"}],"predecessor-version":[{"id":1394,"href":"https:\/\/musikschule-kalimba.de\/index.php?rest_route=\/wp\/v2\/pages\/1393\/revisions\/1394"}],"wp:attachment":[{"href":"https:\/\/musikschule-kalimba.de\/index.php?rest_route=%2Fwp%2Fv2%2Fmedia&parent=1393"}],"curies":[{"name":"wp","href":"https:\/\/api.w.org\/{rel}","templated":true}]}}