{"id":142,"date":"2014-10-07T12:10:43","date_gmt":"2014-10-07T10:10:43","guid":{"rendered":"http:\/\/florianhermanns.de\/kalimba\/?page_id=142"},"modified":"2019-03-07T14:51:59","modified_gmt":"2019-03-07T12:51:59","slug":"conga-limba","status":"publish","type":"page","link":"https:\/\/musikschule-kalimba.de\/?page_id=142","title":{"rendered":"Percussion-Ensemble Kalimba"},"content":{"rendered":"<p><img decoding=\"async\" loading=\"lazy\" class=\"size-full wp-image-1193 alignright\" src=\"http:\/\/musikschule-kalimba.de\/wp-content\/uploads\/2019\/03\/DSC08614.jpg\" alt=\"\" width=\"480\" height=\"270\" srcset=\"https:\/\/musikschule-kalimba.de\/wp-content\/uploads\/2019\/03\/DSC08614.jpg 480w, https:\/\/musikschule-kalimba.de\/wp-content\/uploads\/2019\/03\/DSC08614-300x169.jpg 300w\" sizes=\"(max-width: 480px) 100vw, 480px\" \/>Der Grundstein f\u00fcr das interkulturelle Percussion-Ensemble Kalimba wurde 2016 bei den monatlichen Trommel-Sessions im Rahmen des Begegnungscaf\u00e9s f\u00fcr Gefl\u00fcchtete und Einheimische in Kall gelegt.\u00a0Durch die Unterst\u00fctzung zahlreicher Personen und Institutionen, sowie nicht zuletzt durch die F\u00f6rderung des Landesmusikrates NRW, konnte sich im Laufe der Zeit eine feste Gruppe entwickeln.<\/p>\n<p>Vom Grundgedanken her initiiert als verbindendes Medium zwischen Menschen verschiedenster Nationen, tr\u00e4gt das Ensemble inzwischen zur Bereicherung des kulturellen Lebens in der Region bei.\u00a0Auch wenn der musikalische Schwerpunkt im Bereich der Schlaginstrumente liegt, werden die Rhythmen h\u00e4ufig durch Gitarre, Keyboard oder Trompete und Gesang bereichert.<\/p>\n<p>Nach wie vor sind neue Mitglieder willkommen, geprobt wird jeden Mittwoch von 18.30 bis 20.00 Uhr in den R\u00e4umen der Caritas in Kall.<\/p>\n<p>Leitung: Reiner Klein<\/p>\n","protected":false},"excerpt":{"rendered":"<p>Der Grundstein f\u00fcr das interkulturelle Percussion-Ensemble Kalimba wurde 2016 bei den monatlichen Trommel-Sessions im Rahmen des Begegnungscaf\u00e9s f\u00fcr Gefl\u00fcchtete und Einheimische in Kall gelegt.\u00a0Durch die Unterst\u00fctzung zahlreicher Personen und Institutionen, sowie nicht zuletzt durch die F\u00f6rderung des Landesmusikrates NRW, konnte<\/p>\n","protected":false},"author":1,"featured_media":0,"parent":0,"menu_order":0,"comment_status":"closed","ping_status":"closed","template":"","meta":{"ngg_post_thumbnail":0,"jetpack_post_was_ever_published":false},"jetpack_sharing_enabled":true,"jetpack_shortlink":"https:\/\/wp.me\/PaKFOT-2i","_links":{"self":[{"href":"https:\/\/musikschule-kalimba.de\/index.php?rest_route=\/wp\/v2\/pages\/142"}],"collection":[{"href":"https:\/\/musikschule-kalimba.de\/index.php?rest_route=\/wp\/v2\/pages"}],"about":[{"href":"https:\/\/musikschule-kalimba.de\/index.php?rest_route=\/wp\/v2\/types\/page"}],"author":[{"embeddable":true,"href":"https:\/\/musikschule-kalimba.de\/index.php?rest_route=\/wp\/v2\/users\/1"}],"replies":[{"embeddable":true,"href":"https:\/\/musikschule-kalimba.de\/index.php?rest_route=%2Fwp%2Fv2%2Fcomments&post=142"}],"version-history":[{"count":16,"href":"https:\/\/musikschule-kalimba.de\/index.php?rest_route=\/wp\/v2\/pages\/142\/revisions"}],"predecessor-version":[{"id":1197,"href":"https:\/\/musikschule-kalimba.de\/index.php?rest_route=\/wp\/v2\/pages\/142\/revisions\/1197"}],"wp:attachment":[{"href":"https:\/\/musikschule-kalimba.de\/index.php?rest_route=%2Fwp%2Fv2%2Fmedia&parent=142"}],"curies":[{"name":"wp","href":"https:\/\/api.w.org\/{rel}","templated":true}]}}