{"id":1483,"date":"2024-06-05T13:53:19","date_gmt":"2024-06-05T11:53:19","guid":{"rendered":"https:\/\/musikschule-kalimba.de\/?page_id=1483"},"modified":"2024-06-05T13:54:07","modified_gmt":"2024-06-05T11:54:07","slug":"pascal-burbach","status":"publish","type":"page","link":"https:\/\/musikschule-kalimba.de\/?page_id=1483","title":{"rendered":"Pascal Burbach"},"content":{"rendered":"<p>Pascal Burbach (*1994) ist ein Schlagzeuger, Lehrer und Komponist, wohnhaft in K\u00f6ln.<\/p>\n<p>Derzeit verwirklicht er seine musikalische und klangliche Vision u.a. im kammermusikalisch angehauchten \u201ePascal Burbach Trio\u201c (Modern Creative), dem Singer-Songwriter Duo \u201ePainting Birds\u201c und dem klangforschenden, experimentellen Kollektiv \u201eInopia\u201c.<span class=\"Apple-converted-space\">&nbsp;<\/span><\/p>\n<p style=\"text-align: left;\"><img decoding=\"async\" loading=\"lazy\" class=\"size-large wp-image-1484 alignright\" src=\"https:\/\/musikschule-kalimba.de\/wp-content\/uploads\/2024\/06\/Skaermavbild-2024-06-05-kl.-13.52.22-1024x622.png\" alt=\"\" width=\"750\" height=\"456\" srcset=\"https:\/\/musikschule-kalimba.de\/wp-content\/uploads\/2024\/06\/Skaermavbild-2024-06-05-kl.-13.52.22-1024x622.png 1024w, https:\/\/musikschule-kalimba.de\/wp-content\/uploads\/2024\/06\/Skaermavbild-2024-06-05-kl.-13.52.22-300x182.png 300w, https:\/\/musikschule-kalimba.de\/wp-content\/uploads\/2024\/06\/Skaermavbild-2024-06-05-kl.-13.52.22-768x467.png 768w, https:\/\/musikschule-kalimba.de\/wp-content\/uploads\/2024\/06\/Skaermavbild-2024-06-05-kl.-13.52.22-1536x933.png 1536w, https:\/\/musikschule-kalimba.de\/wp-content\/uploads\/2024\/06\/Skaermavbild-2024-06-05-kl.-13.52.22-2048x1244.png 2048w\" sizes=\"(max-width: 750px) 100vw, 750px\" \/>Verwurzelt in der Tradition des Drumsets befreit er seine Musik, seine Rolle darin und sein Spiel von Konventionen \u2013 er denkt und forscht \u00fcber den Tellerrand hinaus \u2013 verl\u00e4sst sich nicht auf erwartete Strukturen und vorgezeichnete Pfade, sondern dehnt jedes Mal seine eigenen und die Grenzen des Instruments aus.<\/p>\n<p>Dies tut er, indem er sein Klangspektrum erweitert und dabei allerhand Arten von Schl\u00e4geln, St\u00f6cken, Werkzeugen, Erweiterungen und mehr einsetzt, um neue, reichhaltige Texturen und Klangfarben zu erzeugen \u2013 von horizontalen, dr\u00f6hnenden Kl\u00e4ngen bis hin zu sehr spitz zulaufenden und vertikalen Aktionsfeldern.<\/p>\n<p>Das Ausloten seiner Grenzen ist ein st\u00e4ndiger Begleiter.<\/p>\n<p>Nach langj\u00e4hriger Ausbildung in Drums und Percussion \u2013 sp\u00e4ter auch am Klavier \u2013 an der Musikschule KALIMBA, absolvierte Pascal von 2016-2017 das Vollzeitstudium am Drummers Institute in Krefeld, studierte von 2017-2021 am Conservatorium in Maastricht (Bachelor of Music) bei u.a. Arnoud Gerritse, Ron van Stratum und Matthias Akeo Nowak, gefolgt vom Master of Music am ArtEZ Conservatorium in Arnhem bei u.a. Etienne Nillesen, Ren\u00e9 Creemers und Philipp R\u00fcttgers von 2021-2023.<\/p>\n<p>Als Lehrer f\u00fcr Schlagzeug mit Schwerpunkt Drumset, blickt er schon auf \u00fcber zehnj\u00e4hrige Unterrichtserfahrung mit Einzelsch\u00fcler*innen und Gruppen zur\u00fcck.<\/p>\n<p>Mehr aktuelle Infos unter:<span class=\"Apple-converted-space\">&nbsp;<\/span><\/p>\n<p><a href=\"https:\/\/pascalburbach.com\/\">https:\/\/pascalburbach.com\/<\/a><\/p>\n<p><a href=\"https:\/\/www.instagram.com\/pascalburbach\/\">https:\/\/www.instagram.com\/pascalburbach\/<\/a><\/p>\n<p><a href=\"https:\/\/pascalburbach.bandcamp.com\/album\/space-beyond\">https:\/\/pascalburbach.bandcamp.com\/album\/space-beyon<\/a><\/p>\n<p>&nbsp;<\/p>\n<p>&nbsp;<\/p>\n","protected":false},"excerpt":{"rendered":"<p>Pascal Burbach (*1994) ist ein Schlagzeuger, Lehrer und Komponist, wohnhaft in K\u00f6ln. Derzeit verwirklicht er seine musikalische und klangliche Vision u.a. im kammermusikalisch angehauchten \u201ePascal Burbach Trio\u201c (Modern Creative), dem Singer-Songwriter Duo \u201ePainting Birds\u201c und dem klangforschenden, experimentellen Kollektiv \u201eInopia\u201c.&nbsp;<\/p>\n","protected":false},"author":1,"featured_media":0,"parent":0,"menu_order":0,"comment_status":"closed","ping_status":"closed","template":"","meta":{"ngg_post_thumbnail":0,"jetpack_post_was_ever_published":false},"jetpack_sharing_enabled":true,"jetpack_shortlink":"https:\/\/wp.me\/PaKFOT-nV","_links":{"self":[{"href":"https:\/\/musikschule-kalimba.de\/index.php?rest_route=\/wp\/v2\/pages\/1483"}],"collection":[{"href":"https:\/\/musikschule-kalimba.de\/index.php?rest_route=\/wp\/v2\/pages"}],"about":[{"href":"https:\/\/musikschule-kalimba.de\/index.php?rest_route=\/wp\/v2\/types\/page"}],"author":[{"embeddable":true,"href":"https:\/\/musikschule-kalimba.de\/index.php?rest_route=\/wp\/v2\/users\/1"}],"replies":[{"embeddable":true,"href":"https:\/\/musikschule-kalimba.de\/index.php?rest_route=%2Fwp%2Fv2%2Fcomments&post=1483"}],"version-history":[{"count":3,"href":"https:\/\/musikschule-kalimba.de\/index.php?rest_route=\/wp\/v2\/pages\/1483\/revisions"}],"predecessor-version":[{"id":1488,"href":"https:\/\/musikschule-kalimba.de\/index.php?rest_route=\/wp\/v2\/pages\/1483\/revisions\/1488"}],"wp:attachment":[{"href":"https:\/\/musikschule-kalimba.de\/index.php?rest_route=%2Fwp%2Fv2%2Fmedia&parent=1483"}],"curies":[{"name":"wp","href":"https:\/\/api.w.org\/{rel}","templated":true}]}}