{"id":85,"date":"2014-10-06T17:27:45","date_gmt":"2014-10-06T15:27:45","guid":{"rendered":"http:\/\/florianhermanns.de\/kalimba\/?page_id=85"},"modified":"2022-09-20T23:01:34","modified_gmt":"2022-09-20T21:01:34","slug":"reiner-klein","status":"publish","type":"page","link":"https:\/\/musikschule-kalimba.de\/?page_id=85","title":{"rendered":"Reiner Klein"},"content":{"rendered":"<p><em>Drumset, Pauken, Xylophon, Conga, Percussion, Gitarre, Ensemblearbeit, Drum Circle, Workshops<\/em><\/p>\n<p>Reiner Klein unterrichtet\u00a0<a href=\"http:\/\/musikschule-kalimba.de\/?page_id=13\">Schlagzeug<\/a>\u00a0und\u00a0<a href=\"http:\/\/musikschule-kalimba.de\/?page_id=26\">Gitarre<\/a>. Mit 13 nahm er ersten Gitarrenunterricht, im Alter von 15\u00a0begann er seine Schlagzeugausbildung. Er studierte an der \u201cFrankfurter Musikwerkstatt\u201d bei Peter Giger, hatte u. a. Unterricht bei Herbert Bings, Dominik Wimmer, Prof. Chr. Caskel, Andreas Molino, Claus He\u00dfler, Andrea Schneider, Robert\u00a0Brenner und Prof. Jos\u00e9 Cortijo. Ferner machte er eine Ausbildung zum\u00a0<a href=\"http:\/\/musikschule-kalimba.de\/?page_id=24\">Drum Circle<\/a>\u00a0Facilitator bei Arthur Hull.<\/p>\n<p><img decoding=\"async\" loading=\"lazy\" class=\"aligncenter size-large wp-image-1203\" src=\"http:\/\/musikschule-kalimba.de\/wp-content\/uploads\/2019\/03\/PHOTO-2019-03-25-21-40-03-1024x697.jpg\" alt=\"\" width=\"750\" height=\"510\" srcset=\"https:\/\/musikschule-kalimba.de\/wp-content\/uploads\/2019\/03\/PHOTO-2019-03-25-21-40-03.jpg 1024w, https:\/\/musikschule-kalimba.de\/wp-content\/uploads\/2019\/03\/PHOTO-2019-03-25-21-40-03-300x204.jpg 300w, https:\/\/musikschule-kalimba.de\/wp-content\/uploads\/2019\/03\/PHOTO-2019-03-25-21-40-03-768x523.jpg 768w\" sizes=\"(max-width: 750px) 100vw, 750px\" \/><\/p>\n<p>1979 begann Reiner Klein als Schlagzeuger in einem Musikverein, kurze Zeit danach spielte er in seiner ersten Band.\u00a0Von 2009 bis 2011 war er Teilnehmer des 5. Berufsbegleitenden Lehrgangs f\u00fcr Schlagzeuglehrer an der Bundesmusikakademie in Trossingen, den er erfolgreich abschloss.<br \/>\nEr trommelt in Jazz-Ensembles, war Drummer mehrerer Big Bands, sang im \u201cLandesjazzchor NRW\u201d und anderen Vokal-Ensembles und spielt als Aushilfe in vielen Bands, Musikvereinen und Orchestern.\u00a0Von 2005 bis 2014 war er Percussionist und S\u00e4nger der Band \u201c<a href=\"http:\/\/www.minor7.de\/\">Minor7<\/a>\u2033.<\/p>\n<p>1988 erteilte Reiner Klein seinen ersten Schlagzeugunterricht, hatte von 1989 bis 1998 einen Lehrauftrag f\u00fcr Schlagzeug an der Kreismusikschule Bitburg-Pr\u00fcm und gr\u00fcndete 1995 zusammen mit Petra Theis die Musikschule KALIMBA.<\/p>\n<div>Reiner Klein leitete mehrere Jahre die interkulturelle Percussiongruppe \u201eKALIMBA\u201c f\u00fcr die Fl\u00fcchtlingshilfe Kall und ist S\u00e4nger, Gitarrist und Schlagzeuger der Gruppe \u201eSchmitzbackes &amp; Co\u201c. Ferner ist er t\u00e4tig in den Bereichen \u201eMusik mit Senioren\u201c und \u201eMusik in der Palliativ- und Schmerzmedizin\u201c. Seit 2020 ist er Dozent an der Landesmusikakademie NRW,\u00a0seit 2022 zertifizierter Singleiter bei &#8222;Singende Krankenh\u00e4user e.V.&#8220;.<\/div>\n","protected":false},"excerpt":{"rendered":"<p>Drumset, Pauken, Xylophon, Conga, Percussion, Gitarre, Ensemblearbeit, Drum Circle, Workshops Reiner Klein unterrichtet\u00a0Schlagzeug\u00a0und\u00a0Gitarre. Mit 13 nahm er ersten Gitarrenunterricht, im Alter von 15\u00a0begann er seine Schlagzeugausbildung. Er studierte an der \u201cFrankfurter Musikwerkstatt\u201d bei Peter Giger, hatte u. a. Unterricht bei<\/p>\n","protected":false},"author":1,"featured_media":168,"parent":0,"menu_order":0,"comment_status":"closed","ping_status":"closed","template":"","meta":{"ngg_post_thumbnail":0,"jetpack_post_was_ever_published":false},"jetpack_sharing_enabled":true,"jetpack_shortlink":"https:\/\/wp.me\/PaKFOT-1n","_links":{"self":[{"href":"https:\/\/musikschule-kalimba.de\/index.php?rest_route=\/wp\/v2\/pages\/85"}],"collection":[{"href":"https:\/\/musikschule-kalimba.de\/index.php?rest_route=\/wp\/v2\/pages"}],"about":[{"href":"https:\/\/musikschule-kalimba.de\/index.php?rest_route=\/wp\/v2\/types\/page"}],"author":[{"embeddable":true,"href":"https:\/\/musikschule-kalimba.de\/index.php?rest_route=\/wp\/v2\/users\/1"}],"replies":[{"embeddable":true,"href":"https:\/\/musikschule-kalimba.de\/index.php?rest_route=%2Fwp%2Fv2%2Fcomments&post=85"}],"version-history":[{"count":18,"href":"https:\/\/musikschule-kalimba.de\/index.php?rest_route=\/wp\/v2\/pages\/85\/revisions"}],"predecessor-version":[{"id":1391,"href":"https:\/\/musikschule-kalimba.de\/index.php?rest_route=\/wp\/v2\/pages\/85\/revisions\/1391"}],"wp:featuredmedia":[{"embeddable":true,"href":"https:\/\/musikschule-kalimba.de\/index.php?rest_route=\/wp\/v2\/media\/168"}],"wp:attachment":[{"href":"https:\/\/musikschule-kalimba.de\/index.php?rest_route=%2Fwp%2Fv2%2Fmedia&parent=85"}],"curies":[{"name":"wp","href":"https:\/\/api.w.org\/{rel}","templated":true}]}}